{"id":2106,"date":"2018-01-25T16:08:16","date_gmt":"2018-01-25T16:08:16","guid":{"rendered":"http:\/\/metre.emfasi.es\/tienda\/sin%20categorizar\/caja-automontable-pequena\/"},"modified":"2023-04-21T09:22:33","modified_gmt":"2023-04-21T07:22:33","slug":"caixa-automuntable-petita","status":"publish","type":"product","link":"https:\/\/metre.emfasi.es\/ca\/producto\/caixa-automuntable-petita\/","title":{"rendered":"Caixa Automuntable Petita"},"content":{"rendered":"<p>La caixa automuntable petita de Metrecubic \u00e9s perfecta per guardar articles i coses petites fins i tot encara pesen molt.<\/p>\n<p>Est\u00e0 fabricada amb cartr\u00f3 refor\u00e7at i \u00e9s 100% reciclable.<\/p>\n","protected":false},"excerpt":{"rendered":"<p>Mida 390 x 290 x 350 mm.<\/p>\n<p>Les nostres caixes Automuntables, no necessiten precinte per ser tancades, les seves solapes es poden obrir i tancar tantes vegades com es vulgui, compten amb forats laterals per agafar-les amb comoditat, s\u00f3n reutilitzables i amb f\u00e0cil plegat un cop buides.<\/p>\n<p><em>El preu indicat \u00e9s unitari.<\/em><\/p>\n","protected":false},"featured_media":2008,"template":"","meta":{"_et_pb_use_builder":"","_et_pb_old_content":"","_et_gb_content_width":""},"product_cat":[56,57],"product_tag":[],"yoast_head":"<!-- This site is optimized with the Yoast SEO plugin v22.1 - https:\/\/yoast.com\/wordpress\/plugins\/seo\/ -->\n<title>Caixa Automuntable Petita - Metrecubic<\/title>\n<meta name=\"robots\" content=\"noindex, follow, max-snippet:-1, max-image-preview:large, max-video-preview:-1\" \/>\n<meta property=\"og:locale\" content=\"ca_ES\" \/>\n<meta property=\"og:type\" content=\"article\" \/>\n<meta property=\"og:title\" content=\"Caixa Automuntable Petita - Metrecubic\" \/>\n<meta property=\"og:description\" content=\"Mida 390 x 290 x 350 mm.  Les nostres caixes Automuntables, no necessiten precinte per ser tancades, les seves solapes es poden obrir i tancar tantes vegades com es vulgui, compten amb forats laterals per agafar-les amb comoditat, s\u00f3n reutilitzables i amb f\u00e0cil plegat un cop buides.  El preu indicat \u00e9s unitari.\" \/>\n<meta property=\"og:url\" content=\"https:\/\/metre.emfasi.es\/ca\/producto\/caixa-automuntable-petita\/\" \/>\n<meta property=\"og:site_name\" content=\"Metrecubic\" \/>\n<meta property=\"article:modified_time\" content=\"2023-04-21T07:22:33+00:00\" \/>\n<meta property=\"og:image\" content=\"https:\/\/metre.emfasi.es\/wp-content\/uploads\/2018\/01\/metre-cubic-trasteros-y-mudanzas-caja-automontable-pequena-ok.jpg\" \/>\n\t<meta property=\"og:image:width\" content=\"850\" \/>\n\t<meta property=\"og:image:height\" content=\"850\" \/>\n\t<meta property=\"og:image:type\" content=\"image\/jpeg\" \/>\n<meta name=\"twitter:card\" content=\"summary_large_image\" \/>\n<meta name=\"twitter:label1\" content=\"Temps estimat de lectura\" \/>\n\t<meta name=\"twitter:data1\" content=\"1 minut\" \/>\n<script type=\"application\/ld+json\" class=\"yoast-schema-graph\">{\"@context\":\"https:\/\/schema.org\",\"@graph\":[{\"@type\":\"WebPage\",\"@id\":\"https:\/\/metre.emfasi.es\/ca\/producto\/caixa-automuntable-petita\/\",\"url\":\"https:\/\/metre.emfasi.es\/ca\/producto\/caixa-automuntable-petita\/\",\"name\":\"Caixa Automuntable Petita - Metrecubic\",\"isPartOf\":{\"@id\":\"https:\/\/metre.emfasi.es\/#website\"},\"datePublished\":\"2018-01-25T16:08:16+00:00\",\"dateModified\":\"2023-04-21T07:22:33+00:00\",\"breadcrumb\":{\"@id\":\"https:\/\/metre.emfasi.es\/ca\/producto\/caixa-automuntable-petita\/#breadcrumb\"},\"inLanguage\":\"ca\",\"potentialAction\":[{\"@type\":\"ReadAction\",\"target\":[\"https:\/\/metre.emfasi.es\/ca\/producto\/caixa-automuntable-petita\/\"]}]},{\"@type\":\"BreadcrumbList\",\"@id\":\"https:\/\/metre.emfasi.es\/ca\/producto\/caixa-automuntable-petita\/#breadcrumb\",\"itemListElement\":[{\"@type\":\"ListItem\",\"position\":1,\"name\":\"Portada\",\"item\":\"https:\/\/metre.emfasi.es\/ca\/\"},{\"@type\":\"ListItem\",\"position\":2,\"name\":\"Tienda\",\"item\":\"https:\/\/metre.emfasi.es\/tienda\/\"},{\"@type\":\"ListItem\",\"position\":3,\"name\":\"Caixa Automuntable Petita\"}]},{\"@type\":\"WebSite\",\"@id\":\"https:\/\/metre.emfasi.es\/#website\",\"url\":\"https:\/\/metre.emfasi.es\/\",\"name\":\"Metrecubic\",\"description\":\"Alquiler de trasteros y minialmacenes privados.\",\"publisher\":{\"@id\":\"https:\/\/metre.emfasi.es\/#organization\"},\"potentialAction\":[{\"@type\":\"SearchAction\",\"target\":{\"@type\":\"EntryPoint\",\"urlTemplate\":\"https:\/\/metre.emfasi.es\/?s={search_term_string}\"},\"query-input\":\"required name=search_term_string\"}],\"inLanguage\":\"ca\"},{\"@type\":\"Organization\",\"@id\":\"https:\/\/metre.emfasi.es\/#organization\",\"name\":\"METRECUBIC trasteros y mudanzas\",\"url\":\"https:\/\/metre.emfasi.es\/\",\"logo\":{\"@type\":\"ImageObject\",\"inLanguage\":\"ca\",\"@id\":\"https:\/\/metre.emfasi.es\/#\/schema\/logo\/image\/\",\"url\":\"http:\/\/metre.emfasi.es\/wp-content\/uploads\/2017\/09\/logo-capsalera.gif\",\"contentUrl\":\"http:\/\/metre.emfasi.es\/wp-content\/uploads\/2017\/09\/logo-capsalera.gif\",\"width\":118,\"height\":117,\"caption\":\"METRECUBIC trasteros y mudanzas\"},\"image\":{\"@id\":\"https:\/\/metre.emfasi.es\/#\/schema\/logo\/image\/\"}}]}<\/script>\n<!-- \/ Yoast SEO plugin. -->","yoast_head_json":{"title":"Caixa Automuntable Petita - Metrecubic","robots":{"index":"noindex","follow":"follow","max-snippet":"max-snippet:-1","max-image-preview":"max-image-preview:large","max-video-preview":"max-video-preview:-1"},"og_locale":"ca_ES","og_type":"article","og_title":"Caixa Automuntable Petita - Metrecubic","og_description":"Mida 390 x 290 x 350 mm.  Les nostres caixes Automuntables, no necessiten precinte per ser tancades, les seves solapes es poden obrir i tancar tantes vegades com es vulgui, compten amb forats laterals per agafar-les amb comoditat, s\u00f3n reutilitzables i amb f\u00e0cil plegat un cop buides.  El preu indicat \u00e9s unitari.","og_url":"https:\/\/metre.emfasi.es\/ca\/producto\/caixa-automuntable-petita\/","og_site_name":"Metrecubic","article_modified_time":"2023-04-21T07:22:33+00:00","og_image":[{"width":850,"height":850,"url":"https:\/\/metre.emfasi.es\/wp-content\/uploads\/2018\/01\/metre-cubic-trasteros-y-mudanzas-caja-automontable-pequena-ok.jpg","type":"image\/jpeg"}],"twitter_card":"summary_large_image","twitter_misc":{"Temps estimat de lectura":"1 minut"},"schema":{"@context":"https:\/\/schema.org","@graph":[{"@type":"WebPage","@id":"https:\/\/metre.emfasi.es\/ca\/producto\/caixa-automuntable-petita\/","url":"https:\/\/metre.emfasi.es\/ca\/producto\/caixa-automuntable-petita\/","name":"Caixa Automuntable Petita - Metrecubic","isPartOf":{"@id":"https:\/\/metre.emfasi.es\/#website"},"datePublished":"2018-01-25T16:08:16+00:00","dateModified":"2023-04-21T07:22:33+00:00","breadcrumb":{"@id":"https:\/\/metre.emfasi.es\/ca\/producto\/caixa-automuntable-petita\/#breadcrumb"},"inLanguage":"ca","potentialAction":[{"@type":"ReadAction","target":["https:\/\/metre.emfasi.es\/ca\/producto\/caixa-automuntable-petita\/"]}]},{"@type":"BreadcrumbList","@id":"https:\/\/metre.emfasi.es\/ca\/producto\/caixa-automuntable-petita\/#breadcrumb","itemListElement":[{"@type":"ListItem","position":1,"name":"Portada","item":"https:\/\/metre.emfasi.es\/ca\/"},{"@type":"ListItem","position":2,"name":"Tienda","item":"https:\/\/metre.emfasi.es\/tienda\/"},{"@type":"ListItem","position":3,"name":"Caixa Automuntable Petita"}]},{"@type":"WebSite","@id":"https:\/\/metre.emfasi.es\/#website","url":"https:\/\/metre.emfasi.es\/","name":"Metrecubic","description":"Alquiler de trasteros y minialmacenes privados.","publisher":{"@id":"https:\/\/metre.emfasi.es\/#organization"},"potentialAction":[{"@type":"SearchAction","target":{"@type":"EntryPoint","urlTemplate":"https:\/\/metre.emfasi.es\/?s={search_term_string}"},"query-input":"required name=search_term_string"}],"inLanguage":"ca"},{"@type":"Organization","@id":"https:\/\/metre.emfasi.es\/#organization","name":"METRECUBIC trasteros y mudanzas","url":"https:\/\/metre.emfasi.es\/","logo":{"@type":"ImageObject","inLanguage":"ca","@id":"https:\/\/metre.emfasi.es\/#\/schema\/logo\/image\/","url":"http:\/\/metre.emfasi.es\/wp-content\/uploads\/2017\/09\/logo-capsalera.gif","contentUrl":"http:\/\/metre.emfasi.es\/wp-content\/uploads\/2017\/09\/logo-capsalera.gif","width":118,"height":117,"caption":"METRECUBIC trasteros y mudanzas"},"image":{"@id":"https:\/\/metre.emfasi.es\/#\/schema\/logo\/image\/"}}]}},"tiered_pricing_type":"fixed","tiered_pricing_fixed_rules":{"10":"2.826"},"_links":{"self":[{"href":"https:\/\/metre.emfasi.es\/ca\/wp-json\/wp\/v2\/product\/2106"}],"collection":[{"href":"https:\/\/metre.emfasi.es\/ca\/wp-json\/wp\/v2\/product"}],"about":[{"href":"https:\/\/metre.emfasi.es\/ca\/wp-json\/wp\/v2\/types\/product"}],"wp:featuredmedia":[{"embeddable":true,"href":"https:\/\/metre.emfasi.es\/ca\/wp-json\/wp\/v2\/media\/2008"}],"wp:attachment":[{"href":"https:\/\/metre.emfasi.es\/ca\/wp-json\/wp\/v2\/media?parent=2106"}],"wp:term":[{"taxonomy":"product_cat","embeddable":true,"href":"https:\/\/metre.emfasi.es\/ca\/wp-json\/wp\/v2\/product_cat?post=2106"},{"taxonomy":"product_tag","embeddable":true,"href":"https:\/\/metre.emfasi.es\/ca\/wp-json\/wp\/v2\/product_tag?post=2106"}],"curies":[{"name":"wp","href":"https:\/\/api.w.org\/{rel}","templated":true}]}}

<p>La caixa automuntable petita de Metrecubic és perfecta per guardar articles i coses petites fins i tot encara pesen molt.</p>
<p>Està fabricada amb cartró reforçat i és 100% reciclable.</p>

<p>Mida 390 x 290 x 350 mm.</p>
<p>Les nostres caixes Automuntables, no necessiten precinte per ser tancades, les seves solapes es poden obrir i tancar tantes vegades com es vulgui, compten amb forats laterals per agafar-les amb comoditat, són reutilitzables i amb fàcil plegat un cop buides.</p>
<p><em>El preu indicat és unitari.</em></p>

<!-- This site is optimized with the Yoast SEO plugin v22.1 - https://yoast.com/wordpress/plugins/seo/ -->
<title>Caixa Automuntable Petita - Metrecubic</title>
<meta name="robots" content="noindex, follow, max-snippet:-1, max-image-preview:large, max-video-preview:-1" />
<meta property="og:locale" content="ca_ES" />
<meta property="og:type" content="article" />
<meta property="og:title" content="Caixa Automuntable Petita - Metrecubic" />
<meta property="og:description" content="Mida 390 x 290 x 350 mm.  Les nostres caixes Automuntables, no necessiten precinte per ser tancades, les seves solapes es poden obrir i tancar tantes vegades com es vulgui, compten amb forats laterals per agafar-les amb comoditat, són reutilitzables i amb fàcil plegat un cop buides.  El preu indicat és unitari." />
<meta property="og:url" content="https://metre.emfasi.es/ca/producto/caixa-automuntable-petita/" />
<meta property="og:site_name" content="Metrecubic" />
<meta property="article:modified_time" content="2023-04-21T07:22:33+00:00" />
<meta property="og:image" content="https://metre.emfasi.es/wp-content/uploads/2018/01/metre-cubic-trasteros-y-mudanzas-caja-automontable-pequena-ok.jpg" />
	<meta property="og:image:width" content="850" />
	<meta property="og:image:height" content="850" />
	<meta property="og:image:type" content="image/jpeg" />
<meta name="twitter:card" content="summary_large_image" />
<meta name="twitter:label1" content="Temps estimat de lectura" />
	<meta name="twitter:data1" content="1 minut" />
<script type="application/ld+json" class="yoast-schema-graph">{"@context":"https://schema.org","@graph":[{"@type":"WebPage","@id":"https://metre.emfasi.es/ca/producto/caixa-automuntable-petita/","url":"https://metre.emfasi.es/ca/producto/caixa-automuntable-petita/","name":"Caixa Automuntable Petita - Metrecubic","isPartOf":{"@id":"https://metre.emfasi.es/#website"},"datePublished":"2018-01-25T16:08:16+00:00","dateModified":"2023-04-21T07:22:33+00:00","breadcrumb":{"@id":"https://metre.emfasi.es/ca/producto/caixa-automuntable-petita/#breadcrumb"},"inLanguage":"ca","potentialAction":[{"@type":"ReadAction","target":["https://metre.emfasi.es/ca/producto/caixa-automuntable-petita/"]}]},{"@type":"BreadcrumbList","@id":"https://metre.emfasi.es/ca/producto/caixa-automuntable-petita/#breadcrumb","itemListElement":[{"@type":"ListItem","position":1,"name":"Portada","item":"https://metre.emfasi.es/ca/"},{"@type":"ListItem","position":2,"name":"Tienda","item":"https://metre.emfasi.es/tienda/"},{"@type":"ListItem","position":3,"name":"Caixa Automuntable Petita"}]},{"@type":"WebSite","@id":"https://metre.emfasi.es/#website","url":"https://metre.emfasi.es/","name":"Metrecubic","description":"Alquiler de trasteros y minialmacenes privados.","publisher":{"@id":"https://metre.emfasi.es/#organization"},"potentialAction":[{"@type":"SearchAction","target":{"@type":"EntryPoint","urlTemplate":"https://metre.emfasi.es/?s={search_term_string}"},"query-input":"required name=search_term_string"}],"inLanguage":"ca"},{"@type":"Organization","@id":"https://metre.emfasi.es/#organization","name":"METRECUBIC trasteros y mudanzas","url":"https://metre.emfasi.es/","logo":{"@type":"ImageObject","inLanguage":"ca","@id":"https://metre.emfasi.es/#/schema/logo/image/","url":"http://metre.emfasi.es/wp-content/uploads/2017/09/logo-capsalera.gif","contentUrl":"http://metre.emfasi.es/wp-content/uploads/2017/09/logo-capsalera.gif","width":118,"height":117,"caption":"METRECUBIC trasteros y mudanzas"},"image":{"@id":"https://metre.emfasi.es/#/schema/logo/image/"}}]}</script>
<!-- / Yoast SEO plugin. -->

Mida 390 x 290 x 350 mm.  Les nostres caixes Automuntables, no necessiten precinte per ser tancades, les seves solapes es poden obrir i tancar tantes vegades com es vulgui, compten amb forats laterals per agafar-les amb comoditat, són reutilitzables i amb fàcil plegat un cop buides.  El preu indicat és unitari.
