{"id":25677,"date":"2018-04-03T16:15:13","date_gmt":"2018-04-03T16:15:13","guid":{"rendered":"http:\/\/metre.emfasi.es\/producto\/estanteria-con-tornillos-180-cm\/"},"modified":"2023-02-06T12:38:48","modified_gmt":"2023-02-06T11:38:48","slug":"etagere-avec-vis","status":"publish","type":"product","link":"https:\/\/metre.emfasi.es\/fr\/producto\/etagere-avec-vis\/","title":{"rendered":"\u00c9tag\u00e8re avec vis (Consulter le prix)"},"content":{"rendered":"<p>\u00c9tag\u00e8re \u00e0 vis pour ranger de mani\u00e8re ordonn\u00e9e tout ce que vous stockez dans le garde-meuble.<\/p>\n","protected":false},"excerpt":{"rendered":"<p>Nous proposons diff\u00e9rentes tailles d&rsquo;\u00e9tag\u00e8res. Consultez les diff\u00e9rentes options et tailles.<\/p>\n","protected":false},"featured_media":25678,"template":"","meta":{"_et_pb_use_builder":"","_et_pb_old_content":"","_et_gb_content_width":""},"product_cat":[145],"product_tag":[],"yoast_head":"<!-- This site is optimized with the Yoast SEO plugin v22.1 - https:\/\/yoast.com\/wordpress\/plugins\/seo\/ -->\n<title>\u00c9tag\u00e8re avec vis (Consulter le prix) - Metrecubic<\/title>\n<meta name=\"robots\" content=\"noindex, follow, max-snippet:-1, max-image-preview:large, max-video-preview:-1\" \/>\n<meta property=\"og:locale\" content=\"fr_FR\" \/>\n<meta property=\"og:type\" content=\"article\" \/>\n<meta property=\"og:title\" content=\"\u00c9tag\u00e8re avec vis (Consulter le prix) - Metrecubic\" \/>\n<meta property=\"og:description\" content=\"Nous proposons diff\u00e9rentes tailles d&#039;\u00e9tag\u00e8res. Consultez les diff\u00e9rentes options et tailles.\" \/>\n<meta property=\"og:url\" content=\"https:\/\/metre.emfasi.es\/fr\/producto\/etagere-avec-vis\/\" \/>\n<meta property=\"og:site_name\" content=\"Metrecubic\" \/>\n<meta property=\"article:modified_time\" content=\"2023-02-06T11:38:48+00:00\" \/>\n<meta property=\"og:image\" content=\"https:\/\/metre.emfasi.es\/wp-content\/uploads\/2018\/04\/metrecubic-estanteria-con-tornillos.jpg\" \/>\n\t<meta property=\"og:image:width\" content=\"850\" \/>\n\t<meta property=\"og:image:height\" content=\"850\" \/>\n\t<meta property=\"og:image:type\" content=\"image\/jpeg\" \/>\n<meta name=\"twitter:card\" content=\"summary_large_image\" \/>\n<meta name=\"twitter:label1\" content=\"Dur\u00e9e de lecture estim\u00e9e\" \/>\n\t<meta name=\"twitter:data1\" content=\"1 minute\" \/>\n<script type=\"application\/ld+json\" class=\"yoast-schema-graph\">{\"@context\":\"https:\/\/schema.org\",\"@graph\":[{\"@type\":\"WebPage\",\"@id\":\"https:\/\/metre.emfasi.es\/fr\/producto\/etagere-avec-vis\/\",\"url\":\"https:\/\/metre.emfasi.es\/fr\/producto\/etagere-avec-vis\/\",\"name\":\"\u00c9tag\u00e8re avec vis (Consulter le prix) - Metrecubic\",\"isPartOf\":{\"@id\":\"https:\/\/metre.emfasi.es\/#website\"},\"datePublished\":\"2018-04-03T16:15:13+00:00\",\"dateModified\":\"2023-02-06T11:38:48+00:00\",\"breadcrumb\":{\"@id\":\"https:\/\/metre.emfasi.es\/fr\/producto\/etagere-avec-vis\/#breadcrumb\"},\"inLanguage\":\"fr-FR\",\"potentialAction\":[{\"@type\":\"ReadAction\",\"target\":[\"https:\/\/metre.emfasi.es\/fr\/producto\/etagere-avec-vis\/\"]}]},{\"@type\":\"BreadcrumbList\",\"@id\":\"https:\/\/metre.emfasi.es\/fr\/producto\/etagere-avec-vis\/#breadcrumb\",\"itemListElement\":[{\"@type\":\"ListItem\",\"position\":1,\"name\":\"Portada\",\"item\":\"https:\/\/metre.emfasi.es\/fr\/\"},{\"@type\":\"ListItem\",\"position\":2,\"name\":\"Tienda\",\"item\":\"https:\/\/metre.emfasi.es\/tienda\/\"},{\"@type\":\"ListItem\",\"position\":3,\"name\":\"\u00c9tag\u00e8re avec vis (Consulter le prix)\"}]},{\"@type\":\"WebSite\",\"@id\":\"https:\/\/metre.emfasi.es\/#website\",\"url\":\"https:\/\/metre.emfasi.es\/\",\"name\":\"Metrecubic\",\"description\":\"Alquiler de trasteros y minialmacenes privados.\",\"publisher\":{\"@id\":\"https:\/\/metre.emfasi.es\/#organization\"},\"potentialAction\":[{\"@type\":\"SearchAction\",\"target\":{\"@type\":\"EntryPoint\",\"urlTemplate\":\"https:\/\/metre.emfasi.es\/?s={search_term_string}\"},\"query-input\":\"required name=search_term_string\"}],\"inLanguage\":\"fr-FR\"},{\"@type\":\"Organization\",\"@id\":\"https:\/\/metre.emfasi.es\/#organization\",\"name\":\"METRECUBIC trasteros y mudanzas\",\"url\":\"https:\/\/metre.emfasi.es\/\",\"logo\":{\"@type\":\"ImageObject\",\"inLanguage\":\"fr-FR\",\"@id\":\"https:\/\/metre.emfasi.es\/#\/schema\/logo\/image\/\",\"url\":\"http:\/\/metre.emfasi.es\/wp-content\/uploads\/2017\/09\/logo-capsalera.gif\",\"contentUrl\":\"http:\/\/metre.emfasi.es\/wp-content\/uploads\/2017\/09\/logo-capsalera.gif\",\"width\":118,\"height\":117,\"caption\":\"METRECUBIC trasteros y mudanzas\"},\"image\":{\"@id\":\"https:\/\/metre.emfasi.es\/#\/schema\/logo\/image\/\"}}]}<\/script>\n<!-- \/ Yoast SEO plugin. -->","yoast_head_json":{"title":"\u00c9tag\u00e8re avec vis (Consulter le prix) - Metrecubic","robots":{"index":"noindex","follow":"follow","max-snippet":"max-snippet:-1","max-image-preview":"max-image-preview:large","max-video-preview":"max-video-preview:-1"},"og_locale":"fr_FR","og_type":"article","og_title":"\u00c9tag\u00e8re avec vis (Consulter le prix) - Metrecubic","og_description":"Nous proposons diff\u00e9rentes tailles d'\u00e9tag\u00e8res. Consultez les diff\u00e9rentes options et tailles.","og_url":"https:\/\/metre.emfasi.es\/fr\/producto\/etagere-avec-vis\/","og_site_name":"Metrecubic","article_modified_time":"2023-02-06T11:38:48+00:00","og_image":[{"width":850,"height":850,"url":"https:\/\/metre.emfasi.es\/wp-content\/uploads\/2018\/04\/metrecubic-estanteria-con-tornillos.jpg","type":"image\/jpeg"}],"twitter_card":"summary_large_image","twitter_misc":{"Dur\u00e9e de lecture estim\u00e9e":"1 minute"},"schema":{"@context":"https:\/\/schema.org","@graph":[{"@type":"WebPage","@id":"https:\/\/metre.emfasi.es\/fr\/producto\/etagere-avec-vis\/","url":"https:\/\/metre.emfasi.es\/fr\/producto\/etagere-avec-vis\/","name":"\u00c9tag\u00e8re avec vis (Consulter le prix) - Metrecubic","isPartOf":{"@id":"https:\/\/metre.emfasi.es\/#website"},"datePublished":"2018-04-03T16:15:13+00:00","dateModified":"2023-02-06T11:38:48+00:00","breadcrumb":{"@id":"https:\/\/metre.emfasi.es\/fr\/producto\/etagere-avec-vis\/#breadcrumb"},"inLanguage":"fr-FR","potentialAction":[{"@type":"ReadAction","target":["https:\/\/metre.emfasi.es\/fr\/producto\/etagere-avec-vis\/"]}]},{"@type":"BreadcrumbList","@id":"https:\/\/metre.emfasi.es\/fr\/producto\/etagere-avec-vis\/#breadcrumb","itemListElement":[{"@type":"ListItem","position":1,"name":"Portada","item":"https:\/\/metre.emfasi.es\/fr\/"},{"@type":"ListItem","position":2,"name":"Tienda","item":"https:\/\/metre.emfasi.es\/tienda\/"},{"@type":"ListItem","position":3,"name":"\u00c9tag\u00e8re avec vis (Consulter le prix)"}]},{"@type":"WebSite","@id":"https:\/\/metre.emfasi.es\/#website","url":"https:\/\/metre.emfasi.es\/","name":"Metrecubic","description":"Alquiler de trasteros y minialmacenes privados.","publisher":{"@id":"https:\/\/metre.emfasi.es\/#organization"},"potentialAction":[{"@type":"SearchAction","target":{"@type":"EntryPoint","urlTemplate":"https:\/\/metre.emfasi.es\/?s={search_term_string}"},"query-input":"required name=search_term_string"}],"inLanguage":"fr-FR"},{"@type":"Organization","@id":"https:\/\/metre.emfasi.es\/#organization","name":"METRECUBIC trasteros y mudanzas","url":"https:\/\/metre.emfasi.es\/","logo":{"@type":"ImageObject","inLanguage":"fr-FR","@id":"https:\/\/metre.emfasi.es\/#\/schema\/logo\/image\/","url":"http:\/\/metre.emfasi.es\/wp-content\/uploads\/2017\/09\/logo-capsalera.gif","contentUrl":"http:\/\/metre.emfasi.es\/wp-content\/uploads\/2017\/09\/logo-capsalera.gif","width":118,"height":117,"caption":"METRECUBIC trasteros y mudanzas"},"image":{"@id":"https:\/\/metre.emfasi.es\/#\/schema\/logo\/image\/"}}]}},"tiered_pricing_type":"fixed","tiered_pricing_fixed_rules":[],"_links":{"self":[{"href":"https:\/\/metre.emfasi.es\/fr\/wp-json\/wp\/v2\/product\/25677"}],"collection":[{"href":"https:\/\/metre.emfasi.es\/fr\/wp-json\/wp\/v2\/product"}],"about":[{"href":"https:\/\/metre.emfasi.es\/fr\/wp-json\/wp\/v2\/types\/product"}],"wp:featuredmedia":[{"embeddable":true,"href":"https:\/\/metre.emfasi.es\/fr\/wp-json\/wp\/v2\/media\/25678"}],"wp:attachment":[{"href":"https:\/\/metre.emfasi.es\/fr\/wp-json\/wp\/v2\/media?parent=25677"}],"wp:term":[{"taxonomy":"product_cat","embeddable":true,"href":"https:\/\/metre.emfasi.es\/fr\/wp-json\/wp\/v2\/product_cat?post=25677"},{"taxonomy":"product_tag","embeddable":true,"href":"https:\/\/metre.emfasi.es\/fr\/wp-json\/wp\/v2\/product_tag?post=25677"}],"curies":[{"name":"wp","href":"https:\/\/api.w.org\/{rel}","templated":true}]}}

Étagère avec vis (Consulter le prix)

<p>Étagère à vis pour ranger de manière ordonnée tout ce que vous stockez dans le garde-meuble.</p>

<p>Nous proposons différentes tailles d&rsquo;étagères. Consultez les différentes options et tailles.</p>

<!-- This site is optimized with the Yoast SEO plugin v22.1 - https://yoast.com/wordpress/plugins/seo/ -->
<title>Étagère avec vis (Consulter le prix) - Metrecubic</title>
<meta name="robots" content="noindex, follow, max-snippet:-1, max-image-preview:large, max-video-preview:-1" />
<meta property="og:locale" content="fr_FR" />
<meta property="og:type" content="article" />
<meta property="og:title" content="Étagère avec vis (Consulter le prix) - Metrecubic" />
<meta property="og:description" content="Nous proposons différentes tailles d&#039;étagères. Consultez les différentes options et tailles." />
<meta property="og:url" content="https://metre.emfasi.es/fr/producto/etagere-avec-vis/" />
<meta property="og:site_name" content="Metrecubic" />
<meta property="article:modified_time" content="2023-02-06T11:38:48+00:00" />
<meta property="og:image" content="https://metre.emfasi.es/wp-content/uploads/2018/04/metrecubic-estanteria-con-tornillos.jpg" />
	<meta property="og:image:width" content="850" />
	<meta property="og:image:height" content="850" />
	<meta property="og:image:type" content="image/jpeg" />
<meta name="twitter:card" content="summary_large_image" />
<meta name="twitter:label1" content="Durée de lecture estimée" />
	<meta name="twitter:data1" content="1 minute" />
<script type="application/ld+json" class="yoast-schema-graph">{"@context":"https://schema.org","@graph":[{"@type":"WebPage","@id":"https://metre.emfasi.es/fr/producto/etagere-avec-vis/","url":"https://metre.emfasi.es/fr/producto/etagere-avec-vis/","name":"Étagère avec vis (Consulter le prix) - Metrecubic","isPartOf":{"@id":"https://metre.emfasi.es/#website"},"datePublished":"2018-04-03T16:15:13+00:00","dateModified":"2023-02-06T11:38:48+00:00","breadcrumb":{"@id":"https://metre.emfasi.es/fr/producto/etagere-avec-vis/#breadcrumb"},"inLanguage":"fr-FR","potentialAction":[{"@type":"ReadAction","target":["https://metre.emfasi.es/fr/producto/etagere-avec-vis/"]}]},{"@type":"BreadcrumbList","@id":"https://metre.emfasi.es/fr/producto/etagere-avec-vis/#breadcrumb","itemListElement":[{"@type":"ListItem","position":1,"name":"Portada","item":"https://metre.emfasi.es/fr/"},{"@type":"ListItem","position":2,"name":"Tienda","item":"https://metre.emfasi.es/tienda/"},{"@type":"ListItem","position":3,"name":"Étagère avec vis (Consulter le prix)"}]},{"@type":"WebSite","@id":"https://metre.emfasi.es/#website","url":"https://metre.emfasi.es/","name":"Metrecubic","description":"Alquiler de trasteros y minialmacenes privados.","publisher":{"@id":"https://metre.emfasi.es/#organization"},"potentialAction":[{"@type":"SearchAction","target":{"@type":"EntryPoint","urlTemplate":"https://metre.emfasi.es/?s={search_term_string}"},"query-input":"required name=search_term_string"}],"inLanguage":"fr-FR"},{"@type":"Organization","@id":"https://metre.emfasi.es/#organization","name":"METRECUBIC trasteros y mudanzas","url":"https://metre.emfasi.es/","logo":{"@type":"ImageObject","inLanguage":"fr-FR","@id":"https://metre.emfasi.es/#/schema/logo/image/","url":"http://metre.emfasi.es/wp-content/uploads/2017/09/logo-capsalera.gif","contentUrl":"http://metre.emfasi.es/wp-content/uploads/2017/09/logo-capsalera.gif","width":118,"height":117,"caption":"METRECUBIC trasteros y mudanzas"},"image":{"@id":"https://metre.emfasi.es/#/schema/logo/image/"}}]}</script>
<!-- / Yoast SEO plugin. -->

Étagère avec vis (Consulter le prix) - Metrecubic

Nous proposons différentes tailles d'étagères. Consultez les différentes options et tailles.
