{"id":25684,"date":"2018-04-03T16:06:40","date_gmt":"2018-04-03T14:06:40","guid":{"rendered":"http:\/\/metre.emfasi.es\/producto\/candado-con-llave\/"},"modified":"2023-06-26T11:59:08","modified_gmt":"2023-06-26T09:59:08","slug":"cadenas-a-cle","status":"publish","type":"product","link":"https:\/\/metre.emfasi.es\/fr\/producto\/cadenas-a-cle\/","title":{"rendered":"Cadenas \u00e0 Cl\u00e9"},"content":{"rendered":"<p>Cadenas avec cl\u00e9 pour fermer le garde-meuble en toute s\u00e9curit\u00e9.<\/p>\n","protected":false},"excerpt":{"rendered":"<p>Cadenas \u00e0 cl\u00e9 pour fermer votre garde-meuble.<\/p>\n","protected":false},"featured_media":25685,"template":"","meta":{"_et_pb_use_builder":"","_et_pb_old_content":"","_et_gb_content_width":""},"product_cat":[145],"product_tag":[],"yoast_head":"<!-- This site is optimized with the Yoast SEO plugin v22.1 - https:\/\/yoast.com\/wordpress\/plugins\/seo\/ -->\n<title>Cadenas \u00e0 Cl\u00e9 - Metrecubic<\/title>\n<meta name=\"robots\" content=\"noindex, follow, max-snippet:-1, max-image-preview:large, max-video-preview:-1\" \/>\n<meta property=\"og:locale\" content=\"fr_FR\" \/>\n<meta property=\"og:type\" content=\"article\" \/>\n<meta property=\"og:title\" content=\"Cadenas \u00e0 Cl\u00e9 - Metrecubic\" \/>\n<meta property=\"og:description\" content=\"Cadenas \u00e0 cl\u00e9 pour fermer votre garde-meuble.\" \/>\n<meta property=\"og:url\" content=\"https:\/\/metre.emfasi.es\/fr\/producto\/cadenas-a-cle\/\" \/>\n<meta property=\"og:site_name\" content=\"Metrecubic\" \/>\n<meta property=\"article:modified_time\" content=\"2023-06-26T09:59:08+00:00\" \/>\n<meta property=\"og:image\" content=\"https:\/\/metre.emfasi.es\/wp-content\/uploads\/2018\/04\/metrecubic-candados.jpg\" \/>\n\t<meta property=\"og:image:width\" content=\"850\" \/>\n\t<meta property=\"og:image:height\" content=\"850\" \/>\n\t<meta property=\"og:image:type\" content=\"image\/jpeg\" \/>\n<meta name=\"twitter:card\" content=\"summary_large_image\" \/>\n<meta name=\"twitter:label1\" content=\"Dur\u00e9e de lecture estim\u00e9e\" \/>\n\t<meta name=\"twitter:data1\" content=\"1 minute\" \/>\n<script type=\"application\/ld+json\" class=\"yoast-schema-graph\">{\"@context\":\"https:\/\/schema.org\",\"@graph\":[{\"@type\":\"WebPage\",\"@id\":\"https:\/\/metre.emfasi.es\/fr\/producto\/cadenas-a-cle\/\",\"url\":\"https:\/\/metre.emfasi.es\/fr\/producto\/cadenas-a-cle\/\",\"name\":\"Cadenas \u00e0 Cl\u00e9 - Metrecubic\",\"isPartOf\":{\"@id\":\"https:\/\/metre.emfasi.es\/#website\"},\"datePublished\":\"2018-04-03T14:06:40+00:00\",\"dateModified\":\"2023-06-26T09:59:08+00:00\",\"breadcrumb\":{\"@id\":\"https:\/\/metre.emfasi.es\/fr\/producto\/cadenas-a-cle\/#breadcrumb\"},\"inLanguage\":\"fr-FR\",\"potentialAction\":[{\"@type\":\"ReadAction\",\"target\":[\"https:\/\/metre.emfasi.es\/fr\/producto\/cadenas-a-cle\/\"]}]},{\"@type\":\"BreadcrumbList\",\"@id\":\"https:\/\/metre.emfasi.es\/fr\/producto\/cadenas-a-cle\/#breadcrumb\",\"itemListElement\":[{\"@type\":\"ListItem\",\"position\":1,\"name\":\"Portada\",\"item\":\"https:\/\/metre.emfasi.es\/fr\/\"},{\"@type\":\"ListItem\",\"position\":2,\"name\":\"Tienda\",\"item\":\"https:\/\/metre.emfasi.es\/tienda\/\"},{\"@type\":\"ListItem\",\"position\":3,\"name\":\"Cadenas \u00e0 Cl\u00e9\"}]},{\"@type\":\"WebSite\",\"@id\":\"https:\/\/metre.emfasi.es\/#website\",\"url\":\"https:\/\/metre.emfasi.es\/\",\"name\":\"Metrecubic\",\"description\":\"Alquiler de trasteros y minialmacenes privados.\",\"publisher\":{\"@id\":\"https:\/\/metre.emfasi.es\/#organization\"},\"potentialAction\":[{\"@type\":\"SearchAction\",\"target\":{\"@type\":\"EntryPoint\",\"urlTemplate\":\"https:\/\/metre.emfasi.es\/?s={search_term_string}\"},\"query-input\":\"required name=search_term_string\"}],\"inLanguage\":\"fr-FR\"},{\"@type\":\"Organization\",\"@id\":\"https:\/\/metre.emfasi.es\/#organization\",\"name\":\"METRECUBIC trasteros y mudanzas\",\"url\":\"https:\/\/metre.emfasi.es\/\",\"logo\":{\"@type\":\"ImageObject\",\"inLanguage\":\"fr-FR\",\"@id\":\"https:\/\/metre.emfasi.es\/#\/schema\/logo\/image\/\",\"url\":\"http:\/\/metre.emfasi.es\/wp-content\/uploads\/2017\/09\/logo-capsalera.gif\",\"contentUrl\":\"http:\/\/metre.emfasi.es\/wp-content\/uploads\/2017\/09\/logo-capsalera.gif\",\"width\":118,\"height\":117,\"caption\":\"METRECUBIC trasteros y mudanzas\"},\"image\":{\"@id\":\"https:\/\/metre.emfasi.es\/#\/schema\/logo\/image\/\"}}]}<\/script>\n<!-- \/ Yoast SEO plugin. -->","yoast_head_json":{"title":"Cadenas \u00e0 Cl\u00e9 - Metrecubic","robots":{"index":"noindex","follow":"follow","max-snippet":"max-snippet:-1","max-image-preview":"max-image-preview:large","max-video-preview":"max-video-preview:-1"},"og_locale":"fr_FR","og_type":"article","og_title":"Cadenas \u00e0 Cl\u00e9 - Metrecubic","og_description":"Cadenas \u00e0 cl\u00e9 pour fermer votre garde-meuble.","og_url":"https:\/\/metre.emfasi.es\/fr\/producto\/cadenas-a-cle\/","og_site_name":"Metrecubic","article_modified_time":"2023-06-26T09:59:08+00:00","og_image":[{"width":850,"height":850,"url":"https:\/\/metre.emfasi.es\/wp-content\/uploads\/2018\/04\/metrecubic-candados.jpg","type":"image\/jpeg"}],"twitter_card":"summary_large_image","twitter_misc":{"Dur\u00e9e de lecture estim\u00e9e":"1 minute"},"schema":{"@context":"https:\/\/schema.org","@graph":[{"@type":"WebPage","@id":"https:\/\/metre.emfasi.es\/fr\/producto\/cadenas-a-cle\/","url":"https:\/\/metre.emfasi.es\/fr\/producto\/cadenas-a-cle\/","name":"Cadenas \u00e0 Cl\u00e9 - Metrecubic","isPartOf":{"@id":"https:\/\/metre.emfasi.es\/#website"},"datePublished":"2018-04-03T14:06:40+00:00","dateModified":"2023-06-26T09:59:08+00:00","breadcrumb":{"@id":"https:\/\/metre.emfasi.es\/fr\/producto\/cadenas-a-cle\/#breadcrumb"},"inLanguage":"fr-FR","potentialAction":[{"@type":"ReadAction","target":["https:\/\/metre.emfasi.es\/fr\/producto\/cadenas-a-cle\/"]}]},{"@type":"BreadcrumbList","@id":"https:\/\/metre.emfasi.es\/fr\/producto\/cadenas-a-cle\/#breadcrumb","itemListElement":[{"@type":"ListItem","position":1,"name":"Portada","item":"https:\/\/metre.emfasi.es\/fr\/"},{"@type":"ListItem","position":2,"name":"Tienda","item":"https:\/\/metre.emfasi.es\/tienda\/"},{"@type":"ListItem","position":3,"name":"Cadenas \u00e0 Cl\u00e9"}]},{"@type":"WebSite","@id":"https:\/\/metre.emfasi.es\/#website","url":"https:\/\/metre.emfasi.es\/","name":"Metrecubic","description":"Alquiler de trasteros y minialmacenes privados.","publisher":{"@id":"https:\/\/metre.emfasi.es\/#organization"},"potentialAction":[{"@type":"SearchAction","target":{"@type":"EntryPoint","urlTemplate":"https:\/\/metre.emfasi.es\/?s={search_term_string}"},"query-input":"required name=search_term_string"}],"inLanguage":"fr-FR"},{"@type":"Organization","@id":"https:\/\/metre.emfasi.es\/#organization","name":"METRECUBIC trasteros y mudanzas","url":"https:\/\/metre.emfasi.es\/","logo":{"@type":"ImageObject","inLanguage":"fr-FR","@id":"https:\/\/metre.emfasi.es\/#\/schema\/logo\/image\/","url":"http:\/\/metre.emfasi.es\/wp-content\/uploads\/2017\/09\/logo-capsalera.gif","contentUrl":"http:\/\/metre.emfasi.es\/wp-content\/uploads\/2017\/09\/logo-capsalera.gif","width":118,"height":117,"caption":"METRECUBIC trasteros y mudanzas"},"image":{"@id":"https:\/\/metre.emfasi.es\/#\/schema\/logo\/image\/"}}]}},"tiered_pricing_type":"fixed","tiered_pricing_fixed_rules":[],"_links":{"self":[{"href":"https:\/\/metre.emfasi.es\/fr\/wp-json\/wp\/v2\/product\/25684"}],"collection":[{"href":"https:\/\/metre.emfasi.es\/fr\/wp-json\/wp\/v2\/product"}],"about":[{"href":"https:\/\/metre.emfasi.es\/fr\/wp-json\/wp\/v2\/types\/product"}],"wp:featuredmedia":[{"embeddable":true,"href":"https:\/\/metre.emfasi.es\/fr\/wp-json\/wp\/v2\/media\/25685"}],"wp:attachment":[{"href":"https:\/\/metre.emfasi.es\/fr\/wp-json\/wp\/v2\/media?parent=25684"}],"wp:term":[{"taxonomy":"product_cat","embeddable":true,"href":"https:\/\/metre.emfasi.es\/fr\/wp-json\/wp\/v2\/product_cat?post=25684"},{"taxonomy":"product_tag","embeddable":true,"href":"https:\/\/metre.emfasi.es\/fr\/wp-json\/wp\/v2\/product_tag?post=25684"}],"curies":[{"name":"wp","href":"https:\/\/api.w.org\/{rel}","templated":true}]}}

Cadenas à Clé

<p>Cadenas avec clé pour fermer le garde-meuble en toute sécurité.</p>

<p>Cadenas à clé pour fermer votre garde-meuble.</p>

<!-- This site is optimized with the Yoast SEO plugin v22.1 - https://yoast.com/wordpress/plugins/seo/ -->
<title>Cadenas à Clé - Metrecubic</title>
<meta name="robots" content="noindex, follow, max-snippet:-1, max-image-preview:large, max-video-preview:-1" />
<meta property="og:locale" content="fr_FR" />
<meta property="og:type" content="article" />
<meta property="og:title" content="Cadenas à Clé - Metrecubic" />
<meta property="og:description" content="Cadenas à clé pour fermer votre garde-meuble." />
<meta property="og:url" content="https://metre.emfasi.es/fr/producto/cadenas-a-cle/" />
<meta property="og:site_name" content="Metrecubic" />
<meta property="article:modified_time" content="2023-06-26T09:59:08+00:00" />
<meta property="og:image" content="https://metre.emfasi.es/wp-content/uploads/2018/04/metrecubic-candados.jpg" />
	<meta property="og:image:width" content="850" />
	<meta property="og:image:height" content="850" />
	<meta property="og:image:type" content="image/jpeg" />
<meta name="twitter:card" content="summary_large_image" />
<meta name="twitter:label1" content="Durée de lecture estimée" />
	<meta name="twitter:data1" content="1 minute" />
<script type="application/ld+json" class="yoast-schema-graph">{"@context":"https://schema.org","@graph":[{"@type":"WebPage","@id":"https://metre.emfasi.es/fr/producto/cadenas-a-cle/","url":"https://metre.emfasi.es/fr/producto/cadenas-a-cle/","name":"Cadenas à Clé - Metrecubic","isPartOf":{"@id":"https://metre.emfasi.es/#website"},"datePublished":"2018-04-03T14:06:40+00:00","dateModified":"2023-06-26T09:59:08+00:00","breadcrumb":{"@id":"https://metre.emfasi.es/fr/producto/cadenas-a-cle/#breadcrumb"},"inLanguage":"fr-FR","potentialAction":[{"@type":"ReadAction","target":["https://metre.emfasi.es/fr/producto/cadenas-a-cle/"]}]},{"@type":"BreadcrumbList","@id":"https://metre.emfasi.es/fr/producto/cadenas-a-cle/#breadcrumb","itemListElement":[{"@type":"ListItem","position":1,"name":"Portada","item":"https://metre.emfasi.es/fr/"},{"@type":"ListItem","position":2,"name":"Tienda","item":"https://metre.emfasi.es/tienda/"},{"@type":"ListItem","position":3,"name":"Cadenas à Clé"}]},{"@type":"WebSite","@id":"https://metre.emfasi.es/#website","url":"https://metre.emfasi.es/","name":"Metrecubic","description":"Alquiler de trasteros y minialmacenes privados.","publisher":{"@id":"https://metre.emfasi.es/#organization"},"potentialAction":[{"@type":"SearchAction","target":{"@type":"EntryPoint","urlTemplate":"https://metre.emfasi.es/?s={search_term_string}"},"query-input":"required name=search_term_string"}],"inLanguage":"fr-FR"},{"@type":"Organization","@id":"https://metre.emfasi.es/#organization","name":"METRECUBIC trasteros y mudanzas","url":"https://metre.emfasi.es/","logo":{"@type":"ImageObject","inLanguage":"fr-FR","@id":"https://metre.emfasi.es/#/schema/logo/image/","url":"http://metre.emfasi.es/wp-content/uploads/2017/09/logo-capsalera.gif","contentUrl":"http://metre.emfasi.es/wp-content/uploads/2017/09/logo-capsalera.gif","width":118,"height":117,"caption":"METRECUBIC trasteros y mudanzas"},"image":{"@id":"https://metre.emfasi.es/#/schema/logo/image/"}}]}</script>
<!-- / Yoast SEO plugin. -->

Cadenas à Clé - Metrecubic

Cadenas à clé pour fermer votre garde-meuble.
